{"id":6647,"date":"2022-11-20T20:14:47","date_gmt":"2022-11-20T20:14:47","guid":{"rendered":"https:\/\/fundacionloyola.com\/sanjose\/?page_id=6647"},"modified":"2023-02-05T16:36:56","modified_gmt":"2023-02-05T16:36:56","slug":"comunica-san-jose","status":"publish","type":"page","link":"https:\/\/fundacionloyola.com\/sanjose\/comunica-san-jose\/","title":{"rendered":"ComunicA San Jos\u00e9"},"content":{"rendered":"\n<h3 class=\"wp-block-heading\">Objetivos del Programa Educativo ComunicA San Jos\u00e9<\/h3>\n\n\n\n<p>El Programa <strong>ComunicA San Jos\u00e9<\/strong> contempla en nuestro centro actividades muy diversas y&nbsp;por ello aglutina a profesorado de numerosos departamentos y \u00e1reas del centro. Adem\u00e1s, contribuir\u00e1 en el centro a mejorar el <strong>desarrollo de la competencia en comunicaci\u00f3n ling\u00fc\u00edstica<\/strong> (CCL), que constituye la base del aprendizaje y es veh\u00edculo canalizador del desarrollo competencial en todas sus facetas. A trav\u00e9s de las distintas actividades programadas, se buscar\u00e1 expresar e interpretar conceptos, pensamientos, sentimientos, hechos y opiniones de forma oral y escrita y para interactuar de una manera adecuada y creativa en m\u00faltiples contextos sociales y culturales. Tambi\u00e9n se enfoca principalmente para mejorar la <strong>competencia digital<\/strong> (CD) en particular, fomentando el uso positivo de las tecnolog\u00edas de la comunicaci\u00f3n como herramienta y pr\u00e1ctica habitual, adem\u00e1s de la difusi\u00f3n y buen uso de redes sociales, fomentando las creaciones audiovisuales para favorecer el enriquecimiento cultural del alumnado.<\/p>\n\n\n\n<figure class=\"wp-block-gallery has-nested-images columns-default is-cropped wp-block-gallery-1 is-layout-flex wp-block-gallery-is-layout-flex\">\n<figure class=\"wp-block-image size-large\"><img loading=\"lazy\" decoding=\"async\" width=\"665\" height=\"157\" data-id=\"6648\" src=\"https:\/\/fundacionloyola.com\/sanjose\/wp-content\/uploads\/2022\/11\/comunica.png\" alt=\"\" class=\"wp-image-6648\" srcset=\"https:\/\/fundacionloyola.com\/sanjose\/wp-content\/uploads\/2022\/11\/comunica.png 665w, https:\/\/fundacionloyola.com\/sanjose\/wp-content\/uploads\/2022\/11\/comunica-300x71.png 300w\" sizes=\"auto, (max-width: 665px) 100vw, 665px\" \/><\/figure>\n<\/figure>\n\n\n\n<p>Las l\u00edneas de actuaci\u00f3n que abarca este Programa se desarrollan a trav\u00e9s del grupo de teatro <strong>Beltolteatro<\/strong>, la asignatura de <strong>Oratoria y Debate<\/strong> junto al grupo paraescolar que participa en los diferentes concursos ofertados, adem\u00e1s de la comunicaci\u00f3n de la vida del d\u00eda a d\u00eda del centro a trav\u00e9s de las <strong>redes sociales<\/strong> de manera continuada y permanente (<a href=\"https:\/\/www.facebook.com\/sanjosemalaga\">P\u00e1gina Fa<\/a><a href=\"https:\/\/www.facebook.com\/sanjosemalaga\" target=\"_blank\" rel=\"noreferrer noopener\">c<\/a><a href=\"https:\/\/www.facebook.com\/sanjosemalaga\">ebook<\/a>, <a href=\"https:\/\/www.facebook.com\/groups\/sanjosemalaga\" target=\"_blank\" rel=\"noreferrer noopener\">grupo Facebook<\/a>, <a href=\"https:\/\/twitter.com\/SanJoseMalaga\">Twitter<\/a>, <a href=\"https:\/\/www.instagram.com\/sanjosemalaga\/\" target=\"_blank\" rel=\"noreferrer noopener\">Instagram<\/a>, <a href=\"https:\/\/www.tiktok.com\/@sanjosemalaga\" target=\"_blank\" rel=\"noreferrer noopener\">Tik tok<\/a>, <a href=\"https:\/\/www.youtube.com\/SanJoseMalagaJesuitas\" target=\"_blank\" rel=\"noreferrer noopener\">Youtube<\/a> y la propia p\u00e1gina <a href=\"https:\/\/fundacionloyola.com\/sanjose\/\" target=\"_blank\" rel=\"noreferrer noopener\">web del centro<\/a>). Finalmente, destacan los <strong>proyectos<\/strong> usados en nuestras <strong><a href=\"https:\/\/fundacionloyola.com\/sanjose\/aulas-cooperativas-loyola\/\" target=\"_blank\" rel=\"noreferrer noopener\">Aulas Cooperativas Loyola<\/a><\/strong> en tercer ciclo de Primaria y primer ciclo de la ESO donde se incluye tambi\u00e9n este programa por su metodolog\u00eda innovadora y propuestas creativas, a la programaci\u00f3n de los dos \u00e1mbitos socio-ling\u00fc\u00edsticos y cient\u00edfico-matem\u00e1tico y los proyectos que en ellos se afrontan.<\/p>\n\n\n\n<p>A trav\u00e9s de este programa, realizamos actividades vinculadas con todas ellas, que buscar\u00e1n <strong>trabajar la competencia ling\u00fc\u00edstica desde una<\/strong>&nbsp;<strong>perspectiva innovadora, basada en la expresi\u00f3n art\u00edstica, la pr\u00e1ctica, la presentaci\u00f3n de proyectos y el autoaprendizaje<\/strong>. As\u00ed en nuestro Centro&nbsp;llevaremos a cabo&nbsp;debates, exposiciones orales, trabajos de investigaci\u00f3n, entrevistas, creaci\u00f3n de historias gr\u00e1ficas, textos de creaci\u00f3n personal o de material audiovisual y la realizaci\u00f3n de obras de teatro totalmente originales, basadas en creaciones propias.<\/p>\n\n\n\n<p>Percibimos la necesidad del alumnado en participar en actividades comunicativas, art\u00edsticas y culturales y de mejora en sus relaciones sociales y de crecimiento personal; y adem\u00e1s, las necesidades de nuestro propio centro enfocadas a mejorar espacios y optimizaci\u00f3n de los mismos as\u00ed como la perfecta difusi\u00f3n a las familias de lo que en el d\u00eda a d\u00eda se hace.<\/p>\n\n\n\n<p>La presencia y su amplia oferta de distintos ciclos formativos en nuestro centro pone a nuestro alcance diferentes posibilidades para concretar f\u00edsica y t\u00e9cnicamente nuestro proyecto sin tener que recurrir a agentes exteriores o personal externo.<\/p>\n\n\n\n<h2 class=\"wp-block-heading\"><strong>Competencias espec\u00edficas del programa<\/strong><\/h2>\n\n\n\n<ul class=\"wp-block-list\">\n<li>Dar visibilidad a todo lo relacionado en el d\u00eda a d\u00eda de la escuela de forma creativa, adecuada y coherente<\/li>\n\n\n\n<li>Llevar a cabo estrategias de cooperaci\u00f3n en el aula entre el alumnado y fuera del aula a trav\u00e9s de medios digitales y propiciar as\u00ed la comunicaci\u00f3n<\/li>\n\n\n\n<li>Difusi\u00f3n de conceptos y mensajes de manera eficiente, propiciando interactuar con el exterior.<\/li>\n\n\n\n<li>Conocer los procesos para la generaci\u00f3n de un lenguaje verbal y no verbal dramatizado, eficaz y eficiente.<\/li>\n\n\n\n<li>Aprender la gesti\u00f3n de las emociones.<\/li>\n\n\n\n<li>Desarrollar la empat\u00eda al ponerse en el lugar del otro en personajes diversos.<\/li>\n\n\n\n<li>Valorar la importancia de los dem\u00e1s.<\/li>\n\n\n\n<li>Socializar en la vida diaria.<\/li>\n\n\n\n<li>Incentivar estrategias para la resoluci\u00f3n de problemas.<\/li>\n\n\n\n<li>Conocer y practicar una comunicaci\u00f3n oral correcta en variadas circunstancias.<\/li>\n<\/ul>\n\n\n\n<p>Con todo ello, este programa contribuye a alcanzar los objetivos generales en las diferentes etapas en las que se desarrolla y de esa forma tambi\u00e9n a la adquisici\u00f3n de las competencias clave propuestas por el marco de la nueva ley educativa.<\/p>\n\n\n\n<a class=\"twitter-timeline\" href=\"https:\/\/twitter.com\/SanJoseMalaga?ref_src=twsrc%5Etfw\">Tweets by SanJoseMalaga<\/a> <script async=\"\" src=\"https:\/\/platform.twitter.com\/widgets.js\" charset=\"utf-8\"><\/script>\n","protected":false},"excerpt":{"rendered":"<p>Objetivos del Programa Educativo ComunicA San Jos\u00e9 El Programa ComunicA San Jos\u00e9 contempla en nuestro centro actividades muy diversas y&nbsp;por ello aglutina a profesorado de numerosos departamentos y \u00e1reas del centro. Adem\u00e1s, contribuir\u00e1 en el centro a mejorar el desarrollo de la competencia en comunicaci\u00f3n ling\u00fc\u00edstica (CCL), que constituye la base del aprendizaje y es [&hellip;]<\/p>\n","protected":false},"author":2,"featured_media":0,"parent":0,"menu_order":0,"comment_status":"closed","ping_status":"closed","template":"","meta":{"footnotes":""},"class_list":["post-6647","page","type-page","status-publish","hentry"],"yoast_head":"<!-- This site is optimized with the Yoast SEO plugin v23.9 - https:\/\/yoast.com\/wordpress\/plugins\/seo\/ -->\n<title>ComunicA San Jos\u00e9 - Fundaci\u00f3n Loyola<\/title>\n<meta name=\"robots\" content=\"index, follow, max-snippet:-1, max-image-preview:large, max-video-preview:-1\" \/>\n<link rel=\"canonical\" href=\"https:\/\/fundacionloyola.com\/sanjose\/comunica-san-jose\/\" \/>\n<meta property=\"og:locale\" content=\"es_ES\" \/>\n<meta property=\"og:type\" content=\"article\" \/>\n<meta property=\"og:title\" content=\"ComunicA San Jos\u00e9 - Fundaci\u00f3n Loyola\" \/>\n<meta property=\"og:description\" content=\"Objetivos del Programa Educativo ComunicA San Jos\u00e9 El Programa ComunicA San Jos\u00e9 contempla en nuestro centro actividades muy diversas y&nbsp;por ello aglutina a profesorado de numerosos departamentos y \u00e1reas del centro. Adem\u00e1s, contribuir\u00e1 en el centro a mejorar el desarrollo de la competencia en comunicaci\u00f3n ling\u00fc\u00edstica (CCL), que constituye la base del aprendizaje y es [&hellip;]\" \/>\n<meta property=\"og:url\" content=\"https:\/\/fundacionloyola.com\/sanjose\/comunica-san-jose\/\" \/>\n<meta property=\"og:site_name\" content=\"Fundaci\u00f3n Loyola\" \/>\n<meta property=\"article:modified_time\" content=\"2023-02-05T16:36:56+00:00\" \/>\n<meta property=\"og:image\" content=\"https:\/\/fundacionloyola.com\/sanjose\/wp-content\/uploads\/2022\/11\/comunica.png\" \/>\n<meta name=\"twitter:card\" content=\"summary_large_image\" \/>\n<meta name=\"twitter:label1\" content=\"Tiempo de lectura\" \/>\n\t<meta name=\"twitter:data1\" content=\"4 minutos\" \/>\n<script type=\"application\/ld+json\" class=\"yoast-schema-graph\">{\"@context\":\"https:\/\/schema.org\",\"@graph\":[{\"@type\":\"WebPage\",\"@id\":\"https:\/\/fundacionloyola.com\/sanjose\/comunica-san-jose\/\",\"url\":\"https:\/\/fundacionloyola.com\/sanjose\/comunica-san-jose\/\",\"name\":\"ComunicA San Jos\u00e9 - Fundaci\u00f3n Loyola\",\"isPartOf\":{\"@id\":\"https:\/\/fundacionloyola.com\/sanjose\/#website\"},\"primaryImageOfPage\":{\"@id\":\"https:\/\/fundacionloyola.com\/sanjose\/comunica-san-jose\/#primaryimage\"},\"image\":{\"@id\":\"https:\/\/fundacionloyola.com\/sanjose\/comunica-san-jose\/#primaryimage\"},\"thumbnailUrl\":\"https:\/\/fundacionloyola.com\/sanjose\/wp-content\/uploads\/2022\/11\/comunica.png\",\"datePublished\":\"2022-11-20T20:14:47+00:00\",\"dateModified\":\"2023-02-05T16:36:56+00:00\",\"breadcrumb\":{\"@id\":\"https:\/\/fundacionloyola.com\/sanjose\/comunica-san-jose\/#breadcrumb\"},\"inLanguage\":\"es\",\"potentialAction\":[{\"@type\":\"ReadAction\",\"target\":[\"https:\/\/fundacionloyola.com\/sanjose\/comunica-san-jose\/\"]}]},{\"@type\":\"ImageObject\",\"inLanguage\":\"es\",\"@id\":\"https:\/\/fundacionloyola.com\/sanjose\/comunica-san-jose\/#primaryimage\",\"url\":\"https:\/\/fundacionloyola.com\/sanjose\/wp-content\/uploads\/2022\/11\/comunica.png\",\"contentUrl\":\"https:\/\/fundacionloyola.com\/sanjose\/wp-content\/uploads\/2022\/11\/comunica.png\",\"width\":665,\"height\":157},{\"@type\":\"BreadcrumbList\",\"@id\":\"https:\/\/fundacionloyola.com\/sanjose\/comunica-san-jose\/#breadcrumb\",\"itemListElement\":[{\"@type\":\"ListItem\",\"position\":1,\"name\":\"Portada\",\"item\":\"https:\/\/fundacionloyola.com\/sanjose\/\"},{\"@type\":\"ListItem\",\"position\":2,\"name\":\"ComunicA San Jos\u00e9\"}]},{\"@type\":\"WebSite\",\"@id\":\"https:\/\/fundacionloyola.com\/sanjose\/#website\",\"url\":\"https:\/\/fundacionloyola.com\/sanjose\/\",\"name\":\"Fundaci\u00f3n Loyola\",\"description\":\"Colegio San Jose\",\"potentialAction\":[{\"@type\":\"SearchAction\",\"target\":{\"@type\":\"EntryPoint\",\"urlTemplate\":\"https:\/\/fundacionloyola.com\/sanjose\/?s={search_term_string}\"},\"query-input\":{\"@type\":\"PropertyValueSpecification\",\"valueRequired\":true,\"valueName\":\"search_term_string\"}}],\"inLanguage\":\"es\"}]}<\/script>\n<!-- \/ Yoast SEO plugin. -->","yoast_head_json":{"title":"ComunicA San Jos\u00e9 - Fundaci\u00f3n Loyola","robots":{"index":"index","follow":"follow","max-snippet":"max-snippet:-1","max-image-preview":"max-image-preview:large","max-video-preview":"max-video-preview:-1"},"canonical":"https:\/\/fundacionloyola.com\/sanjose\/comunica-san-jose\/","og_locale":"es_ES","og_type":"article","og_title":"ComunicA San Jos\u00e9 - Fundaci\u00f3n Loyola","og_description":"Objetivos del Programa Educativo ComunicA San Jos\u00e9 El Programa ComunicA San Jos\u00e9 contempla en nuestro centro actividades muy diversas y&nbsp;por ello aglutina a profesorado de numerosos departamentos y \u00e1reas del centro. Adem\u00e1s, contribuir\u00e1 en el centro a mejorar el desarrollo de la competencia en comunicaci\u00f3n ling\u00fc\u00edstica (CCL), que constituye la base del aprendizaje y es [&hellip;]","og_url":"https:\/\/fundacionloyola.com\/sanjose\/comunica-san-jose\/","og_site_name":"Fundaci\u00f3n Loyola","article_modified_time":"2023-02-05T16:36:56+00:00","og_image":[{"url":"https:\/\/fundacionloyola.com\/sanjose\/wp-content\/uploads\/2022\/11\/comunica.png"}],"twitter_card":"summary_large_image","twitter_misc":{"Tiempo de lectura":"4 minutos"},"schema":{"@context":"https:\/\/schema.org","@graph":[{"@type":"WebPage","@id":"https:\/\/fundacionloyola.com\/sanjose\/comunica-san-jose\/","url":"https:\/\/fundacionloyola.com\/sanjose\/comunica-san-jose\/","name":"ComunicA San Jos\u00e9 - Fundaci\u00f3n Loyola","isPartOf":{"@id":"https:\/\/fundacionloyola.com\/sanjose\/#website"},"primaryImageOfPage":{"@id":"https:\/\/fundacionloyola.com\/sanjose\/comunica-san-jose\/#primaryimage"},"image":{"@id":"https:\/\/fundacionloyola.com\/sanjose\/comunica-san-jose\/#primaryimage"},"thumbnailUrl":"https:\/\/fundacionloyola.com\/sanjose\/wp-content\/uploads\/2022\/11\/comunica.png","datePublished":"2022-11-20T20:14:47+00:00","dateModified":"2023-02-05T16:36:56+00:00","breadcrumb":{"@id":"https:\/\/fundacionloyola.com\/sanjose\/comunica-san-jose\/#breadcrumb"},"inLanguage":"es","potentialAction":[{"@type":"ReadAction","target":["https:\/\/fundacionloyola.com\/sanjose\/comunica-san-jose\/"]}]},{"@type":"ImageObject","inLanguage":"es","@id":"https:\/\/fundacionloyola.com\/sanjose\/comunica-san-jose\/#primaryimage","url":"https:\/\/fundacionloyola.com\/sanjose\/wp-content\/uploads\/2022\/11\/comunica.png","contentUrl":"https:\/\/fundacionloyola.com\/sanjose\/wp-content\/uploads\/2022\/11\/comunica.png","width":665,"height":157},{"@type":"BreadcrumbList","@id":"https:\/\/fundacionloyola.com\/sanjose\/comunica-san-jose\/#breadcrumb","itemListElement":[{"@type":"ListItem","position":1,"name":"Portada","item":"https:\/\/fundacionloyola.com\/sanjose\/"},{"@type":"ListItem","position":2,"name":"ComunicA San Jos\u00e9"}]},{"@type":"WebSite","@id":"https:\/\/fundacionloyola.com\/sanjose\/#website","url":"https:\/\/fundacionloyola.com\/sanjose\/","name":"Fundaci\u00f3n Loyola","description":"Colegio San Jose","potentialAction":[{"@type":"SearchAction","target":{"@type":"EntryPoint","urlTemplate":"https:\/\/fundacionloyola.com\/sanjose\/?s={search_term_string}"},"query-input":{"@type":"PropertyValueSpecification","valueRequired":true,"valueName":"search_term_string"}}],"inLanguage":"es"}]}},"_links":{"self":[{"href":"https:\/\/fundacionloyola.com\/sanjose\/wp-json\/wp\/v2\/pages\/6647","targetHints":{"allow":["GET"]}}],"collection":[{"href":"https:\/\/fundacionloyola.com\/sanjose\/wp-json\/wp\/v2\/pages"}],"about":[{"href":"https:\/\/fundacionloyola.com\/sanjose\/wp-json\/wp\/v2\/types\/page"}],"author":[{"embeddable":true,"href":"https:\/\/fundacionloyola.com\/sanjose\/wp-json\/wp\/v2\/users\/2"}],"replies":[{"embeddable":true,"href":"https:\/\/fundacionloyola.com\/sanjose\/wp-json\/wp\/v2\/comments?post=6647"}],"version-history":[{"count":5,"href":"https:\/\/fundacionloyola.com\/sanjose\/wp-json\/wp\/v2\/pages\/6647\/revisions"}],"predecessor-version":[{"id":6730,"href":"https:\/\/fundacionloyola.com\/sanjose\/wp-json\/wp\/v2\/pages\/6647\/revisions\/6730"}],"wp:attachment":[{"href":"https:\/\/fundacionloyola.com\/sanjose\/wp-json\/wp\/v2\/media?parent=6647"}],"curies":[{"name":"wp","href":"https:\/\/api.w.org\/{rel}","templated":true}]}}