{"id":5985,"date":"2021-10-20T10:19:44","date_gmt":"2021-10-20T10:19:44","guid":{"rendered":"https:\/\/fundacionloyola.com\/sanjose\/?page_id=5985"},"modified":"2023-03-21T18:22:20","modified_gmt":"2023-03-21T18:22:20","slug":"becas","status":"publish","type":"page","link":"https:\/\/fundacionloyola.com\/sanjose\/becas\/","title":{"rendered":"BECAS"},"content":{"rendered":"\n<figure class=\"wp-block-image size-large\"><a href=\"https:\/\/drive.google.com\/file\/d\/1tLzBczBRN-8yNuKGs0JwEONAczu01xT_\/view?usp=share_link\"><img loading=\"lazy\" decoding=\"async\" width=\"724\" height=\"1024\" src=\"https:\/\/fundacionloyola.com\/sanjose\/wp-content\/uploads\/2023\/03\/cartel-beca-724x1024.jpg\" alt=\"\" class=\"wp-image-6803\" srcset=\"https:\/\/fundacionloyola.com\/sanjose\/wp-content\/uploads\/2023\/03\/cartel-beca-724x1024.jpg 724w, https:\/\/fundacionloyola.com\/sanjose\/wp-content\/uploads\/2023\/03\/cartel-beca-212x300.jpg 212w, https:\/\/fundacionloyola.com\/sanjose\/wp-content\/uploads\/2023\/03\/cartel-beca-768x1086.jpg 768w, https:\/\/fundacionloyola.com\/sanjose\/wp-content\/uploads\/2023\/03\/cartel-beca-1086x1536.jpg 1086w, https:\/\/fundacionloyola.com\/sanjose\/wp-content\/uploads\/2023\/03\/cartel-beca-1448x2048.jpg 1448w, https:\/\/fundacionloyola.com\/sanjose\/wp-content\/uploads\/2023\/03\/cartel-beca-scaled.jpg 1810w\" sizes=\"auto, (max-width: 724px) 100vw, 724px\" \/><\/a><figcaption class=\"wp-element-caption\">Pincha en la imagen<\/figcaption><\/figure>\n\n\n\n<p>En el siguiente <a href=\"https:\/\/www.juntadeandalucia.es\/educacion\/portals\/web\/becas-y-ayudas\/\">enlace<\/a> accedes al portal de Becas de la Consejer\u00eda de Educaci\u00f3n de la Junta de Andaluc\u00eda.<\/p>\n\n\n\n<p>Se ha habilitado adem\u00e1s a trav\u00e9s de Secretar\u00eda Virtual el procedimiento para poder dar de alta de la cuenta bancaria en Hacienda de forma telem\u00e1tica. Le facilitamos enlace:<\/p>\n\n\n\n<p><a href=\"https:\/\/www.juntadeandalucia.es\/educacion\/secretariavirtual\/accesoTramite\/624\/\" target=\"_blank\" rel=\"noreferrer noopener\">www.juntadeandalucia.es\/educacion\/secretariavirtual\/accesoTramite\/624\/<\/a><\/p>\n\n\n\n<p>Al haber tres formas de identificarse, si el alumno es menor:<\/p>\n\n\n\n<ul class=\"wp-block-list\">\n<li>Autenticaci\u00f3n Becas: Hay que acceder con DNI del tutor y localizador<\/li>\n\n\n\n<li>Certificado digital: Hay que seleccionar CD de alguno de los tutores<\/li>\n\n\n\n<li>Cl@ve: Hay que seleccionar Cl@ve de alguno de los tutores<\/li>\n<\/ul>\n\n\n\n<p>Al acceder se selecciona al alumno en cuesti\u00f3n y a continuaci\u00f3n se muestran los datos del beneficiario y hay que pulsar en siguiente.<\/p>\n\n\n\n<p>La siguiente pantalla muestra los datos de la beca y los datos de verificaci\u00f3n de cuenta corriente.&nbsp;Aparece la cuenta corriente y varias opciones para marcar:<\/p>\n\n\n\n<ul class=\"wp-block-list\">\n<li>Yo xxxxxxx, con NIF xxxxxxxx DECLARO ser titular de la cuenta corriente, SOLICITO que se tramite el alta de dicha cuenta a la Consejer\u00eda de Hacienda y Financiaci\u00f3n Europea.<\/li>\n\n\n\n<li>El Alumno\/a xxxxxxxx, con NIF xxxxxxx es el titular de la cuenta corriente y SOLICITO que se tramite el alta de dicha cuenta a la Consejer\u00eda de Hacienda y Financiaci\u00f3n Europea.<\/li>\n\n\n\n<li>Ninguno de los NIF que se muestran corresponden a la cuenta corriente.<\/li>\n<\/ul>\n\n\n\n<p>Habr\u00e1 que seleccionar una de las tres opciones y seguidamente marcar el check:&nbsp;<\/p>\n\n\n\n<ul class=\"wp-block-list\">\n<li>AUTORIZO* a la verificaci\u00f3n de dicha titularidad con la entidad bancaria correspondiente.<\/li>\n<\/ul>\n\n\n\n<p>&nbsp;Al pulsar en siguiente ya aparece la pantalla de firma. Despu\u00e9s de la firma deben poder descargarse el justificante en pdf.&nbsp;<\/p>\n\n\n\n<p>Si tras haber realizado el tr\u00e1mite se intenta acceder de nuevo aparece el mensaje:&nbsp;<\/p>\n\n\n\n<p><em>La CCC de la beca\/ayuda ya ha sido autorizada.&nbsp;<\/em><\/p>\n\n\n\n<p>A tener en cuenta:&nbsp;Si en el tr\u00e1mite se marca la opci\u00f3n \u00abNinguno de los NIF que se muestran corresponden a la cuenta corriente\u00bb aparecer\u00e1 un mensaje indicando que no es posible continuar con la solicitud, ya que ninguno de los NIF asociados a la Cuenta Bancaria corresponden al titular de la misma y que deber\u00e1 solicitar una modificaci\u00f3n de dicha cuenta.&nbsp;Este mensaje es correcto ya que la cuenta debe ser del alumno o del tutor y, en ese caso, deber\u00e1n realizar un cambio de cuenta bancaria.<\/p>\n\n\n\n<p>Para cualquier duda puede ponerse en contacto con la Secretar\u00eda del Centro.<\/p>\n","protected":false},"excerpt":{"rendered":"<p>En el siguiente enlace accedes al portal de Becas de la Consejer\u00eda de Educaci\u00f3n de la Junta de Andaluc\u00eda. Se ha habilitado adem\u00e1s a trav\u00e9s de Secretar\u00eda Virtual el procedimiento para poder dar de alta de la cuenta bancaria en Hacienda de forma telem\u00e1tica. Le facilitamos enlace: www.juntadeandalucia.es\/educacion\/secretariavirtual\/accesoTramite\/624\/ Al haber tres formas de identificarse, si [&hellip;]<\/p>\n","protected":false},"author":2,"featured_media":0,"parent":0,"menu_order":0,"comment_status":"closed","ping_status":"closed","template":"","meta":{"footnotes":""},"class_list":["post-5985","page","type-page","status-publish","hentry"],"yoast_head":"<!-- This site is optimized with the Yoast SEO plugin v23.9 - https:\/\/yoast.com\/wordpress\/plugins\/seo\/ -->\n<title>BECAS - Fundaci\u00f3n Loyola<\/title>\n<meta name=\"robots\" content=\"index, follow, max-snippet:-1, max-image-preview:large, max-video-preview:-1\" \/>\n<link rel=\"canonical\" href=\"https:\/\/fundacionloyola.com\/sanjose\/becas\/\" \/>\n<meta property=\"og:locale\" content=\"es_ES\" \/>\n<meta property=\"og:type\" content=\"article\" \/>\n<meta property=\"og:title\" content=\"BECAS - Fundaci\u00f3n Loyola\" \/>\n<meta property=\"og:description\" content=\"En el siguiente enlace accedes al portal de Becas de la Consejer\u00eda de Educaci\u00f3n de la Junta de Andaluc\u00eda. Se ha habilitado adem\u00e1s a trav\u00e9s de Secretar\u00eda Virtual el procedimiento para poder dar de alta de la cuenta bancaria en Hacienda de forma telem\u00e1tica. Le facilitamos enlace: www.juntadeandalucia.es\/educacion\/secretariavirtual\/accesoTramite\/624\/ Al haber tres formas de identificarse, si [&hellip;]\" \/>\n<meta property=\"og:url\" content=\"https:\/\/fundacionloyola.com\/sanjose\/becas\/\" \/>\n<meta property=\"og:site_name\" content=\"Fundaci\u00f3n Loyola\" \/>\n<meta property=\"article:modified_time\" content=\"2023-03-21T18:22:20+00:00\" \/>\n<meta property=\"og:image\" content=\"https:\/\/fundacionloyola.com\/sanjose\/wp-content\/uploads\/2023\/03\/cartel-beca-724x1024.jpg\" \/>\n<meta name=\"twitter:card\" content=\"summary_large_image\" \/>\n<meta name=\"twitter:label1\" content=\"Tiempo de lectura\" \/>\n\t<meta name=\"twitter:data1\" content=\"2 minutos\" \/>\n<script type=\"application\/ld+json\" class=\"yoast-schema-graph\">{\"@context\":\"https:\/\/schema.org\",\"@graph\":[{\"@type\":\"WebPage\",\"@id\":\"https:\/\/fundacionloyola.com\/sanjose\/becas\/\",\"url\":\"https:\/\/fundacionloyola.com\/sanjose\/becas\/\",\"name\":\"BECAS - Fundaci\u00f3n Loyola\",\"isPartOf\":{\"@id\":\"https:\/\/fundacionloyola.com\/sanjose\/#website\"},\"primaryImageOfPage\":{\"@id\":\"https:\/\/fundacionloyola.com\/sanjose\/becas\/#primaryimage\"},\"image\":{\"@id\":\"https:\/\/fundacionloyola.com\/sanjose\/becas\/#primaryimage\"},\"thumbnailUrl\":\"https:\/\/fundacionloyola.com\/sanjose\/wp-content\/uploads\/2023\/03\/cartel-beca-724x1024.jpg\",\"datePublished\":\"2021-10-20T10:19:44+00:00\",\"dateModified\":\"2023-03-21T18:22:20+00:00\",\"breadcrumb\":{\"@id\":\"https:\/\/fundacionloyola.com\/sanjose\/becas\/#breadcrumb\"},\"inLanguage\":\"es\",\"potentialAction\":[{\"@type\":\"ReadAction\",\"target\":[\"https:\/\/fundacionloyola.com\/sanjose\/becas\/\"]}]},{\"@type\":\"ImageObject\",\"inLanguage\":\"es\",\"@id\":\"https:\/\/fundacionloyola.com\/sanjose\/becas\/#primaryimage\",\"url\":\"https:\/\/fundacionloyola.com\/sanjose\/wp-content\/uploads\/2023\/03\/cartel-beca-724x1024.jpg\",\"contentUrl\":\"https:\/\/fundacionloyola.com\/sanjose\/wp-content\/uploads\/2023\/03\/cartel-beca-724x1024.jpg\"},{\"@type\":\"BreadcrumbList\",\"@id\":\"https:\/\/fundacionloyola.com\/sanjose\/becas\/#breadcrumb\",\"itemListElement\":[{\"@type\":\"ListItem\",\"position\":1,\"name\":\"Portada\",\"item\":\"https:\/\/fundacionloyola.com\/sanjose\/\"},{\"@type\":\"ListItem\",\"position\":2,\"name\":\"BECAS\"}]},{\"@type\":\"WebSite\",\"@id\":\"https:\/\/fundacionloyola.com\/sanjose\/#website\",\"url\":\"https:\/\/fundacionloyola.com\/sanjose\/\",\"name\":\"Fundaci\u00f3n Loyola\",\"description\":\"Colegio San Jose\",\"potentialAction\":[{\"@type\":\"SearchAction\",\"target\":{\"@type\":\"EntryPoint\",\"urlTemplate\":\"https:\/\/fundacionloyola.com\/sanjose\/?s={search_term_string}\"},\"query-input\":{\"@type\":\"PropertyValueSpecification\",\"valueRequired\":true,\"valueName\":\"search_term_string\"}}],\"inLanguage\":\"es\"}]}<\/script>\n<!-- \/ Yoast SEO plugin. -->","yoast_head_json":{"title":"BECAS - Fundaci\u00f3n Loyola","robots":{"index":"index","follow":"follow","max-snippet":"max-snippet:-1","max-image-preview":"max-image-preview:large","max-video-preview":"max-video-preview:-1"},"canonical":"https:\/\/fundacionloyola.com\/sanjose\/becas\/","og_locale":"es_ES","og_type":"article","og_title":"BECAS - Fundaci\u00f3n Loyola","og_description":"En el siguiente enlace accedes al portal de Becas de la Consejer\u00eda de Educaci\u00f3n de la Junta de Andaluc\u00eda. Se ha habilitado adem\u00e1s a trav\u00e9s de Secretar\u00eda Virtual el procedimiento para poder dar de alta de la cuenta bancaria en Hacienda de forma telem\u00e1tica. Le facilitamos enlace: www.juntadeandalucia.es\/educacion\/secretariavirtual\/accesoTramite\/624\/ Al haber tres formas de identificarse, si [&hellip;]","og_url":"https:\/\/fundacionloyola.com\/sanjose\/becas\/","og_site_name":"Fundaci\u00f3n Loyola","article_modified_time":"2023-03-21T18:22:20+00:00","og_image":[{"url":"https:\/\/fundacionloyola.com\/sanjose\/wp-content\/uploads\/2023\/03\/cartel-beca-724x1024.jpg"}],"twitter_card":"summary_large_image","twitter_misc":{"Tiempo de lectura":"2 minutos"},"schema":{"@context":"https:\/\/schema.org","@graph":[{"@type":"WebPage","@id":"https:\/\/fundacionloyola.com\/sanjose\/becas\/","url":"https:\/\/fundacionloyola.com\/sanjose\/becas\/","name":"BECAS - Fundaci\u00f3n Loyola","isPartOf":{"@id":"https:\/\/fundacionloyola.com\/sanjose\/#website"},"primaryImageOfPage":{"@id":"https:\/\/fundacionloyola.com\/sanjose\/becas\/#primaryimage"},"image":{"@id":"https:\/\/fundacionloyola.com\/sanjose\/becas\/#primaryimage"},"thumbnailUrl":"https:\/\/fundacionloyola.com\/sanjose\/wp-content\/uploads\/2023\/03\/cartel-beca-724x1024.jpg","datePublished":"2021-10-20T10:19:44+00:00","dateModified":"2023-03-21T18:22:20+00:00","breadcrumb":{"@id":"https:\/\/fundacionloyola.com\/sanjose\/becas\/#breadcrumb"},"inLanguage":"es","potentialAction":[{"@type":"ReadAction","target":["https:\/\/fundacionloyola.com\/sanjose\/becas\/"]}]},{"@type":"ImageObject","inLanguage":"es","@id":"https:\/\/fundacionloyola.com\/sanjose\/becas\/#primaryimage","url":"https:\/\/fundacionloyola.com\/sanjose\/wp-content\/uploads\/2023\/03\/cartel-beca-724x1024.jpg","contentUrl":"https:\/\/fundacionloyola.com\/sanjose\/wp-content\/uploads\/2023\/03\/cartel-beca-724x1024.jpg"},{"@type":"BreadcrumbList","@id":"https:\/\/fundacionloyola.com\/sanjose\/becas\/#breadcrumb","itemListElement":[{"@type":"ListItem","position":1,"name":"Portada","item":"https:\/\/fundacionloyola.com\/sanjose\/"},{"@type":"ListItem","position":2,"name":"BECAS"}]},{"@type":"WebSite","@id":"https:\/\/fundacionloyola.com\/sanjose\/#website","url":"https:\/\/fundacionloyola.com\/sanjose\/","name":"Fundaci\u00f3n Loyola","description":"Colegio San Jose","potentialAction":[{"@type":"SearchAction","target":{"@type":"EntryPoint","urlTemplate":"https:\/\/fundacionloyola.com\/sanjose\/?s={search_term_string}"},"query-input":{"@type":"PropertyValueSpecification","valueRequired":true,"valueName":"search_term_string"}}],"inLanguage":"es"}]}},"_links":{"self":[{"href":"https:\/\/fundacionloyola.com\/sanjose\/wp-json\/wp\/v2\/pages\/5985","targetHints":{"allow":["GET"]}}],"collection":[{"href":"https:\/\/fundacionloyola.com\/sanjose\/wp-json\/wp\/v2\/pages"}],"about":[{"href":"https:\/\/fundacionloyola.com\/sanjose\/wp-json\/wp\/v2\/types\/page"}],"author":[{"embeddable":true,"href":"https:\/\/fundacionloyola.com\/sanjose\/wp-json\/wp\/v2\/users\/2"}],"replies":[{"embeddable":true,"href":"https:\/\/fundacionloyola.com\/sanjose\/wp-json\/wp\/v2\/comments?post=5985"}],"version-history":[{"count":3,"href":"https:\/\/fundacionloyola.com\/sanjose\/wp-json\/wp\/v2\/pages\/5985\/revisions"}],"predecessor-version":[{"id":6805,"href":"https:\/\/fundacionloyola.com\/sanjose\/wp-json\/wp\/v2\/pages\/5985\/revisions\/6805"}],"wp:attachment":[{"href":"https:\/\/fundacionloyola.com\/sanjose\/wp-json\/wp\/v2\/media?parent=5985"}],"curies":[{"name":"wp","href":"https:\/\/api.w.org\/{rel}","templated":true}]}}